{"id":189,"date":"2025-07-03T03:17:10","date_gmt":"2025-07-03T03:17:10","guid":{"rendered":"https:\/\/nuneshenriques.com\/?page_id=189"},"modified":"2025-07-07T15:09:50","modified_gmt":"2025-07-07T15:09:50","slug":"elementor-189","status":"publish","type":"page","link":"https:\/\/nuneshenriques.com\/?page_id=189","title":{"rendered":"Conquistas"},"content":{"rendered":"\t\t<div data-elementor-type=\"wp-page\" data-elementor-id=\"189\" class=\"elementor elementor-189\">\n\t\t\t\t<div class=\"elementor-element elementor-element-5a1b4f4 e-flex e-con-boxed e-con e-parent\" data-id=\"5a1b4f4\" data-element_type=\"container\" data-e-type=\"container\">\n\t\t\t\t\t<div class=\"e-con-inner\">\n\t\t\t\t<div class=\"elementor-element elementor-element-49c4bc5 elementor-widget elementor-widget-spacer\" data-id=\"49c4bc5\" data-element_type=\"widget\" data-e-type=\"widget\" data-widget_type=\"spacer.default\">\n\t\t\t\t<div class=\"elementor-widget-container\">\n\t\t\t\t\t\t\t<div class=\"elementor-spacer\">\n\t\t\t<div class=\"elementor-spacer-inner\"><\/div>\n\t\t<\/div>\n\t\t\t\t\t\t<\/div>\n\t\t\t\t<\/div>\n\t\t\t\t<div class=\"elementor-element elementor-element-68c1bd7 elementor-widget elementor-widget-heading\" data-id=\"68c1bd7\" data-element_type=\"widget\" data-e-type=\"widget\" data-widget_type=\"heading.default\">\n\t\t\t\t<div class=\"elementor-widget-container\">\n\t\t\t\t\t<h1 class=\"elementor-heading-title elementor-size-default\">Conquistas<\/h1>\t\t\t\t<\/div>\n\t\t\t\t<\/div>\n\t\t\t\t\t<\/div>\n\t\t\t\t<\/div>\n\t\t<div class=\"elementor-element elementor-element-77c35f3 e-flex e-con-boxed e-con e-parent\" data-id=\"77c35f3\" data-element_type=\"container\" data-e-type=\"container\">\n\t\t\t\t\t<div class=\"e-con-inner\">\n\t\t<div class=\"elementor-element elementor-element-33786da e-con-full e-flex e-con e-child\" data-id=\"33786da\" data-element_type=\"container\" data-e-type=\"container\">\n\t\t<div class=\"elementor-element elementor-element-90682e2 e-con-full e-flex e-con e-child\" data-id=\"90682e2\" data-element_type=\"container\" data-e-type=\"container\">\n\t\t\t\t<div class=\"elementor-element elementor-element-bf91cc8 elementor-widget elementor-widget-spacer\" data-id=\"bf91cc8\" data-element_type=\"widget\" data-e-type=\"widget\" data-widget_type=\"spacer.default\">\n\t\t\t\t<div class=\"elementor-widget-container\">\n\t\t\t\t\t\t\t<div class=\"elementor-spacer\">\n\t\t\t<div class=\"elementor-spacer-inner\"><\/div>\n\t\t<\/div>\n\t\t\t\t\t\t<\/div>\n\t\t\t\t<\/div>\n\t\t\t\t<div class=\"elementor-element elementor-element-98fe436 elementor-widget elementor-widget-text-editor\" data-id=\"98fe436\" data-element_type=\"widget\" data-e-type=\"widget\" data-widget_type=\"text-editor.default\">\n\t\t\t\t<div class=\"elementor-widget-container\">\n\t\t\t\t\t\t\t\t\t<ul>\n<li><b>Campe\u00e3o da Liga Saudita<br><\/b><i style=\"background-color: transparent;\">Al Hilal Saudi FC&nbsp;Sub-19<\/i><span style=\"background-color: transparent;\"> (2023\u201324)<br><br><\/span><\/li>\n<li><b>Campe\u00e3o da Liga Saudita<br><\/b><i>Al Hilal Saudi FC&nbsp;Sub-15<\/i> (como Diretor T\u00e9cnico da Forma\u00e7\u00e3o)<br><br><\/li>\n<li><b>Campe\u00e3o Nacional de Portugal<br><\/b><i>Sporting CP&nbsp;Sub-17<\/i> (como treinador adjunto; treinador principal do Sub-16)<br><br><\/li>\n<li><b>Promo\u00e7\u00e3o \u00e0 Primeira Liga Chinesa<br><\/b><i style=\"background-color: transparent;\">Shandong Luneng TFC&nbsp;Sub-19<br><br><\/i><\/li>\n<li><b style=\"background-color: transparent;\">Promo\u00e7\u00e3o ao Campeonato Nacional S\u00e9nior<br><\/b><i style=\"background-color: transparent;\">Santa Iria FC<br><br><\/i><\/li>\n<li><b>Promo\u00e7\u00e3o \u00e0 Primeira Divis\u00e3o de Honra S\u00e9nior<br><\/b><i>UA Povoense<\/i><br><br><\/li>\n<li><b>Promo\u00e7\u00e3o ao Campeonato Nacional de Juniores<br><\/b><i>FC Alverca&nbsp;Sub-19<br><\/i>\n<p><\/p>\n<p><i><\/i><\/p>\n<\/li>\n<li><b>Promo\u00e7\u00e3o ao Campeonato Nacional de Juvenis<br><\/b><i>FC Alverca&nbsp;Sub-17<br><\/i>\n<p><\/p>\n<p><i><\/i><\/p>\n<\/li>\n<li><b>Promo\u00e7\u00e3o aos Nacionais de Iniciados<br><\/b><i>SG Sacavenense&nbsp;Sub-15<br><\/i>\n<p><\/p>\n<p><i><\/i><\/p>\n<\/li>\n<li><b>Promo\u00e7\u00e3o aos Nacionais de Iniciados<br><\/b><i>Casa Pia AC&nbsp;Sub-15<\/i><\/li>\n<\/ul>\t\t\t\t\t\t\t\t<\/div>\n\t\t\t\t<\/div>\n\t\t\t\t<div class=\"elementor-element elementor-element-3c71bc3 elementor-widget elementor-widget-spacer\" data-id=\"3c71bc3\" data-element_type=\"widget\" data-e-type=\"widget\" data-widget_type=\"spacer.default\">\n\t\t\t\t<div class=\"elementor-widget-container\">\n\t\t\t\t\t\t\t<div class=\"elementor-spacer\">\n\t\t\t<div class=\"elementor-spacer-inner\"><\/div>\n\t\t<\/div>\n\t\t\t\t\t\t<\/div>\n\t\t\t\t<\/div>\n\t\t\t\t<\/div>\n\t\t\t\t<\/div>\n\t\t<div class=\"elementor-element elementor-element-1bb70ab e-con-full e-flex e-con e-child\" data-id=\"1bb70ab\" data-element_type=\"container\" data-e-type=\"container\">\n\t\t\t\t<div class=\"elementor-element elementor-element-0ed5eec elementor-widget elementor-widget-image\" data-id=\"0ed5eec\" data-element_type=\"widget\" data-e-type=\"widget\" data-widget_type=\"image.default\">\n\t\t\t\t<div class=\"elementor-widget-container\">\n\t\t\t\t\t\t\t\t\t\t\t\t<figure class=\"wp-caption\">\n\t\t\t\t\t\t\t\t\t\t<img fetchpriority=\"high\" decoding=\"async\" width=\"800\" height=\"530\" src=\"https:\/\/nuneshenriques.com\/wp-content\/uploads\/2025\/07\/5232522b-81e3-4fe8-ac2d-c628541312a9-1.jpg\" class=\"attachment-large size-large wp-image-514\" alt=\"\" srcset=\"https:\/\/nuneshenriques.com\/wp-content\/uploads\/2025\/07\/5232522b-81e3-4fe8-ac2d-c628541312a9-1.jpg 960w, https:\/\/nuneshenriques.com\/wp-content\/uploads\/2025\/07\/5232522b-81e3-4fe8-ac2d-c628541312a9-1-300x199.jpg 300w, https:\/\/nuneshenriques.com\/wp-content\/uploads\/2025\/07\/5232522b-81e3-4fe8-ac2d-c628541312a9-1-768x509.jpg 768w\" sizes=\"(max-width: 800px) 100vw, 800px\" \/>\t\t\t\t\t\t\t\t\t\t\t<figcaption class=\"widget-image-caption wp-caption-text\">Paulo Nunes Campe\u00e3o pelo Al Hilal 2023\/24<\/figcaption>\n\t\t\t\t\t\t\t\t\t\t<\/figure>\n\t\t\t\t\t\t\t\t\t<\/div>\n\t\t\t\t<\/div>\n\t\t\t\t<div class=\"elementor-element elementor-element-6d6b66e elementor-widget elementor-widget-image\" data-id=\"6d6b66e\" data-element_type=\"widget\" data-e-type=\"widget\" data-widget_type=\"image.default\">\n\t\t\t\t<div class=\"elementor-widget-container\">\n\t\t\t\t\t\t\t\t\t\t\t\t<figure class=\"wp-caption\">\n\t\t\t\t\t\t\t\t\t\t<img decoding=\"async\" width=\"800\" height=\"600\" src=\"https:\/\/nuneshenriques.com\/wp-content\/uploads\/2025\/07\/505930069_23874228108856456_3686757608031173960_n.jpg\" class=\"attachment-large size-large wp-image-511\" alt=\"\" srcset=\"https:\/\/nuneshenriques.com\/wp-content\/uploads\/2025\/07\/505930069_23874228108856456_3686757608031173960_n.jpg 960w, https:\/\/nuneshenriques.com\/wp-content\/uploads\/2025\/07\/505930069_23874228108856456_3686757608031173960_n-300x225.jpg 300w, https:\/\/nuneshenriques.com\/wp-content\/uploads\/2025\/07\/505930069_23874228108856456_3686757608031173960_n-768x576.jpg 768w\" sizes=\"(max-width: 800px) 100vw, 800px\" \/>\t\t\t\t\t\t\t\t\t\t\t<figcaption class=\"widget-image-caption wp-caption-text\">U. A. Povoense sobe \u00e0 1\u00aa de Honra<\/figcaption>\n\t\t\t\t\t\t\t\t\t\t<\/figure>\n\t\t\t\t\t\t\t\t\t<\/div>\n\t\t\t\t<\/div>\n\t\t\t\t<div class=\"elementor-element elementor-element-7eb1229 elementor-widget elementor-widget-image\" data-id=\"7eb1229\" data-element_type=\"widget\" data-e-type=\"widget\" data-widget_type=\"image.default\">\n\t\t\t\t<div class=\"elementor-widget-container\">\n\t\t\t\t\t\t\t\t\t\t\t\t<figure class=\"wp-caption\">\n\t\t\t\t\t\t\t\t\t\t<img decoding=\"async\" width=\"800\" height=\"534\" src=\"https:\/\/nuneshenriques.com\/wp-content\/uploads\/2025\/07\/506454001_23909751505304116_5410755787929994307_n-1024x683.jpg\" class=\"attachment-large size-large wp-image-512\" alt=\"\" srcset=\"https:\/\/nuneshenriques.com\/wp-content\/uploads\/2025\/07\/506454001_23909751505304116_5410755787929994307_n-1024x683.jpg 1024w, https:\/\/nuneshenriques.com\/wp-content\/uploads\/2025\/07\/506454001_23909751505304116_5410755787929994307_n-300x200.jpg 300w, https:\/\/nuneshenriques.com\/wp-content\/uploads\/2025\/07\/506454001_23909751505304116_5410755787929994307_n-768x512.jpg 768w, https:\/\/nuneshenriques.com\/wp-content\/uploads\/2025\/07\/506454001_23909751505304116_5410755787929994307_n-1536x1025.jpg 1536w, https:\/\/nuneshenriques.com\/wp-content\/uploads\/2025\/07\/506454001_23909751505304116_5410755787929994307_n.jpg 2048w\" sizes=\"(max-width: 800px) 100vw, 800px\" \/>\t\t\t\t\t\t\t\t\t\t\t<figcaption class=\"widget-image-caption wp-caption-text\">Paulo Nunes no Al Ahli SAD FC<\/figcaption>\n\t\t\t\t\t\t\t\t\t\t<\/figure>\n\t\t\t\t\t\t\t\t\t<\/div>\n\t\t\t\t<\/div>\n\t\t\t\t<div class=\"elementor-element elementor-element-ab20c30 elementor-widget elementor-widget-image\" data-id=\"ab20c30\" data-element_type=\"widget\" data-e-type=\"widget\" data-widget_type=\"image.default\">\n\t\t\t\t<div class=\"elementor-widget-container\">\n\t\t\t\t\t\t\t\t\t\t\t\t<figure class=\"wp-caption\">\n\t\t\t\t\t\t\t\t\t\t<img loading=\"lazy\" decoding=\"async\" width=\"800\" height=\"402\" src=\"https:\/\/nuneshenriques.com\/wp-content\/uploads\/2025\/07\/498589944_9903562783016224_4618339157455755516_n-1024x515.jpg\" class=\"attachment-large size-large wp-image-510\" alt=\"\" srcset=\"https:\/\/nuneshenriques.com\/wp-content\/uploads\/2025\/07\/498589944_9903562783016224_4618339157455755516_n-1024x515.jpg 1024w, https:\/\/nuneshenriques.com\/wp-content\/uploads\/2025\/07\/498589944_9903562783016224_4618339157455755516_n-300x151.jpg 300w, https:\/\/nuneshenriques.com\/wp-content\/uploads\/2025\/07\/498589944_9903562783016224_4618339157455755516_n-768x386.jpg 768w, https:\/\/nuneshenriques.com\/wp-content\/uploads\/2025\/07\/498589944_9903562783016224_4618339157455755516_n-1536x772.jpg 1536w, https:\/\/nuneshenriques.com\/wp-content\/uploads\/2025\/07\/498589944_9903562783016224_4618339157455755516_n.jpg 1600w\" sizes=\"(max-width: 800px) 100vw, 800px\" \/>\t\t\t\t\t\t\t\t\t\t\t<figcaption class=\"widget-image-caption wp-caption-text\">Al Hilal Campe\u00e3o da Liga Saudita 2023\/24<\/figcaption>\n\t\t\t\t\t\t\t\t\t\t<\/figure>\n\t\t\t\t\t\t\t\t\t<\/div>\n\t\t\t\t<\/div>\n\t\t\t\t<\/div>\n\t\t\t\t\t<\/div>\n\t\t\t\t<\/div>\n\t\t<div class=\"elementor-element elementor-element-e22b170 e-flex e-con-boxed e-con e-parent\" data-id=\"e22b170\" data-element_type=\"container\" data-e-type=\"container\">\n\t\t\t\t\t<div class=\"e-con-inner\">\n\t\t\t\t<div class=\"elementor-element elementor-element-b8892b6 elementor-widget elementor-widget-spacer\" data-id=\"b8892b6\" data-element_type=\"widget\" data-e-type=\"widget\" data-widget_type=\"spacer.default\">\n\t\t\t\t<div class=\"elementor-widget-container\">\n\t\t\t\t\t\t\t<div class=\"elementor-spacer\">\n\t\t\t<div class=\"elementor-spacer-inner\"><\/div>\n\t\t<\/div>\n\t\t\t\t\t\t<\/div>\n\t\t\t\t<\/div>\n\t\t\t\t\t<\/div>\n\t\t\t\t<\/div>\n\t\t\t\t<\/div>\n\t\t","protected":false},"excerpt":{"rendered":"<p>Conquistas Campe\u00e3o da Liga SauditaAl Hilal Saudi FC&nbsp;Sub-19 (2023\u201324) Campe\u00e3o da Liga SauditaAl Hilal Saudi FC&nbsp;Sub-15 (como Diretor T\u00e9cnico da Forma\u00e7\u00e3o) Campe\u00e3o Nacional de PortugalSporting CP&nbsp;Sub-17 (como treinador adjunto; treinador principal do Sub-16) Promo\u00e7\u00e3o \u00e0 Primeira Liga ChinesaShandong Luneng TFC&nbsp;Sub-19 Promo\u00e7\u00e3o ao Campeonato Nacional S\u00e9niorSanta Iria FC Promo\u00e7\u00e3o \u00e0 Primeira Divis\u00e3o de Honra S\u00e9niorUA Povoense [&hellip;]<\/p>\n","protected":false},"author":1,"featured_media":0,"parent":0,"menu_order":0,"comment_status":"closed","ping_status":"closed","template":"","meta":{"footnotes":""},"class_list":["post-189","page","type-page","status-publish","hentry"],"yoast_head":"<!-- This site is optimized with the Yoast SEO plugin v27.1.1 - https:\/\/yoast.com\/product\/yoast-seo-wordpress\/ -->\n<title>Conquistas - Paulo Nunes Henriques<\/title>\n<meta name=\"robots\" content=\"index, follow, max-snippet:-1, max-image-preview:large, max-video-preview:-1\" \/>\n<link rel=\"canonical\" href=\"https:\/\/nuneshenriques.com\/?page_id=189\" \/>\n<meta property=\"og:locale\" content=\"en_US\" \/>\n<meta property=\"og:type\" content=\"article\" \/>\n<meta property=\"og:title\" content=\"Conquistas - Paulo Nunes Henriques\" \/>\n<meta property=\"og:description\" content=\"Conquistas Campe\u00e3o da Liga SauditaAl Hilal Saudi FC&nbsp;Sub-19 (2023\u201324) Campe\u00e3o da Liga SauditaAl Hilal Saudi FC&nbsp;Sub-15 (como Diretor T\u00e9cnico da Forma\u00e7\u00e3o) Campe\u00e3o Nacional de PortugalSporting CP&nbsp;Sub-17 (como treinador adjunto; treinador principal do Sub-16) Promo\u00e7\u00e3o \u00e0 Primeira Liga ChinesaShandong Luneng TFC&nbsp;Sub-19 Promo\u00e7\u00e3o ao Campeonato Nacional S\u00e9niorSanta Iria FC Promo\u00e7\u00e3o \u00e0 Primeira Divis\u00e3o de Honra S\u00e9niorUA Povoense [&hellip;]\" \/>\n<meta property=\"og:url\" content=\"https:\/\/nuneshenriques.com\/?page_id=189\" \/>\n<meta property=\"og:site_name\" content=\"Paulo Nunes Henriques\" \/>\n<meta property=\"article:modified_time\" content=\"2025-07-07T15:09:50+00:00\" \/>\n<meta property=\"og:image\" content=\"https:\/\/nuneshenriques.com\/wp-content\/uploads\/2025\/07\/5232522b-81e3-4fe8-ac2d-c628541312a9-1.jpg\" \/>\n\t<meta property=\"og:image:width\" content=\"960\" \/>\n\t<meta property=\"og:image:height\" content=\"636\" \/>\n\t<meta property=\"og:image:type\" content=\"image\/jpeg\" \/>\n<meta name=\"twitter:card\" content=\"summary_large_image\" \/>\n<meta name=\"twitter:label1\" content=\"Est. reading time\" \/>\n\t<meta name=\"twitter:data1\" content=\"2 minutes\" \/>\n<script type=\"application\/ld+json\" class=\"yoast-schema-graph\">{\"@context\":\"https:\/\/schema.org\",\"@graph\":[{\"@type\":\"WebPage\",\"@id\":\"https:\/\/nuneshenriques.com\/?page_id=189\",\"url\":\"https:\/\/nuneshenriques.com\/?page_id=189\",\"name\":\"Conquistas - Paulo Nunes Henriques\",\"isPartOf\":{\"@id\":\"https:\/\/nuneshenriques.com\/#website\"},\"primaryImageOfPage\":{\"@id\":\"https:\/\/nuneshenriques.com\/?page_id=189#primaryimage\"},\"image\":{\"@id\":\"https:\/\/nuneshenriques.com\/?page_id=189#primaryimage\"},\"thumbnailUrl\":\"https:\/\/nuneshenriques.com\/wp-content\/uploads\/2025\/07\/5232522b-81e3-4fe8-ac2d-c628541312a9-1.jpg\",\"datePublished\":\"2025-07-03T03:17:10+00:00\",\"dateModified\":\"2025-07-07T15:09:50+00:00\",\"breadcrumb\":{\"@id\":\"https:\/\/nuneshenriques.com\/?page_id=189#breadcrumb\"},\"inLanguage\":\"en-US\",\"potentialAction\":[{\"@type\":\"ReadAction\",\"target\":[\"https:\/\/nuneshenriques.com\/?page_id=189\"]}]},{\"@type\":\"ImageObject\",\"inLanguage\":\"en-US\",\"@id\":\"https:\/\/nuneshenriques.com\/?page_id=189#primaryimage\",\"url\":\"https:\/\/nuneshenriques.com\/wp-content\/uploads\/2025\/07\/5232522b-81e3-4fe8-ac2d-c628541312a9-1.jpg\",\"contentUrl\":\"https:\/\/nuneshenriques.com\/wp-content\/uploads\/2025\/07\/5232522b-81e3-4fe8-ac2d-c628541312a9-1.jpg\",\"width\":960,\"height\":636},{\"@type\":\"BreadcrumbList\",\"@id\":\"https:\/\/nuneshenriques.com\/?page_id=189#breadcrumb\",\"itemListElement\":[{\"@type\":\"ListItem\",\"position\":1,\"name\":\"In\u00edcio\",\"item\":\"https:\/\/nuneshenriques.com\/\"},{\"@type\":\"ListItem\",\"position\":2,\"name\":\"Conquistas\"}]},{\"@type\":\"WebSite\",\"@id\":\"https:\/\/nuneshenriques.com\/#website\",\"url\":\"https:\/\/nuneshenriques.com\/\",\"name\":\"Paulo Nunes Henriques\",\"description\":\"\",\"publisher\":{\"@id\":\"https:\/\/nuneshenriques.com\/#organization\"},\"potentialAction\":[{\"@type\":\"SearchAction\",\"target\":{\"@type\":\"EntryPoint\",\"urlTemplate\":\"https:\/\/nuneshenriques.com\/?s={search_term_string}\"},\"query-input\":{\"@type\":\"PropertyValueSpecification\",\"valueRequired\":true,\"valueName\":\"search_term_string\"}}],\"inLanguage\":\"en-US\"},{\"@type\":\"Organization\",\"@id\":\"https:\/\/nuneshenriques.com\/#organization\",\"name\":\"Paulo Nunes Henriques\",\"url\":\"https:\/\/nuneshenriques.com\/\",\"logo\":{\"@type\":\"ImageObject\",\"inLanguage\":\"en-US\",\"@id\":\"https:\/\/nuneshenriques.com\/#\/schema\/logo\/image\/\",\"url\":\"https:\/\/nuneshenriques.com\/wp-content\/uploads\/2025\/06\/Captura-de-ecra-2025-06-30-165710.png\",\"contentUrl\":\"https:\/\/nuneshenriques.com\/wp-content\/uploads\/2025\/06\/Captura-de-ecra-2025-06-30-165710.png\",\"width\":593,\"height\":521,\"caption\":\"Paulo Nunes Henriques\"},\"image\":{\"@id\":\"https:\/\/nuneshenriques.com\/#\/schema\/logo\/image\/\"}}]}<\/script>\n<!-- \/ Yoast SEO plugin. -->","yoast_head_json":{"title":"Conquistas - Paulo Nunes Henriques","robots":{"index":"index","follow":"follow","max-snippet":"max-snippet:-1","max-image-preview":"max-image-preview:large","max-video-preview":"max-video-preview:-1"},"canonical":"https:\/\/nuneshenriques.com\/?page_id=189","og_locale":"en_US","og_type":"article","og_title":"Conquistas - Paulo Nunes Henriques","og_description":"Conquistas Campe\u00e3o da Liga SauditaAl Hilal Saudi FC&nbsp;Sub-19 (2023\u201324) Campe\u00e3o da Liga SauditaAl Hilal Saudi FC&nbsp;Sub-15 (como Diretor T\u00e9cnico da Forma\u00e7\u00e3o) Campe\u00e3o Nacional de PortugalSporting CP&nbsp;Sub-17 (como treinador adjunto; treinador principal do Sub-16) Promo\u00e7\u00e3o \u00e0 Primeira Liga ChinesaShandong Luneng TFC&nbsp;Sub-19 Promo\u00e7\u00e3o ao Campeonato Nacional S\u00e9niorSanta Iria FC Promo\u00e7\u00e3o \u00e0 Primeira Divis\u00e3o de Honra S\u00e9niorUA Povoense [&hellip;]","og_url":"https:\/\/nuneshenriques.com\/?page_id=189","og_site_name":"Paulo Nunes Henriques","article_modified_time":"2025-07-07T15:09:50+00:00","og_image":[{"width":960,"height":636,"url":"https:\/\/nuneshenriques.com\/wp-content\/uploads\/2025\/07\/5232522b-81e3-4fe8-ac2d-c628541312a9-1.jpg","type":"image\/jpeg"}],"twitter_card":"summary_large_image","twitter_misc":{"Est. reading time":"2 minutes"},"schema":{"@context":"https:\/\/schema.org","@graph":[{"@type":"WebPage","@id":"https:\/\/nuneshenriques.com\/?page_id=189","url":"https:\/\/nuneshenriques.com\/?page_id=189","name":"Conquistas - Paulo Nunes Henriques","isPartOf":{"@id":"https:\/\/nuneshenriques.com\/#website"},"primaryImageOfPage":{"@id":"https:\/\/nuneshenriques.com\/?page_id=189#primaryimage"},"image":{"@id":"https:\/\/nuneshenriques.com\/?page_id=189#primaryimage"},"thumbnailUrl":"https:\/\/nuneshenriques.com\/wp-content\/uploads\/2025\/07\/5232522b-81e3-4fe8-ac2d-c628541312a9-1.jpg","datePublished":"2025-07-03T03:17:10+00:00","dateModified":"2025-07-07T15:09:50+00:00","breadcrumb":{"@id":"https:\/\/nuneshenriques.com\/?page_id=189#breadcrumb"},"inLanguage":"en-US","potentialAction":[{"@type":"ReadAction","target":["https:\/\/nuneshenriques.com\/?page_id=189"]}]},{"@type":"ImageObject","inLanguage":"en-US","@id":"https:\/\/nuneshenriques.com\/?page_id=189#primaryimage","url":"https:\/\/nuneshenriques.com\/wp-content\/uploads\/2025\/07\/5232522b-81e3-4fe8-ac2d-c628541312a9-1.jpg","contentUrl":"https:\/\/nuneshenriques.com\/wp-content\/uploads\/2025\/07\/5232522b-81e3-4fe8-ac2d-c628541312a9-1.jpg","width":960,"height":636},{"@type":"BreadcrumbList","@id":"https:\/\/nuneshenriques.com\/?page_id=189#breadcrumb","itemListElement":[{"@type":"ListItem","position":1,"name":"In\u00edcio","item":"https:\/\/nuneshenriques.com\/"},{"@type":"ListItem","position":2,"name":"Conquistas"}]},{"@type":"WebSite","@id":"https:\/\/nuneshenriques.com\/#website","url":"https:\/\/nuneshenriques.com\/","name":"Paulo Nunes Henriques","description":"","publisher":{"@id":"https:\/\/nuneshenriques.com\/#organization"},"potentialAction":[{"@type":"SearchAction","target":{"@type":"EntryPoint","urlTemplate":"https:\/\/nuneshenriques.com\/?s={search_term_string}"},"query-input":{"@type":"PropertyValueSpecification","valueRequired":true,"valueName":"search_term_string"}}],"inLanguage":"en-US"},{"@type":"Organization","@id":"https:\/\/nuneshenriques.com\/#organization","name":"Paulo Nunes Henriques","url":"https:\/\/nuneshenriques.com\/","logo":{"@type":"ImageObject","inLanguage":"en-US","@id":"https:\/\/nuneshenriques.com\/#\/schema\/logo\/image\/","url":"https:\/\/nuneshenriques.com\/wp-content\/uploads\/2025\/06\/Captura-de-ecra-2025-06-30-165710.png","contentUrl":"https:\/\/nuneshenriques.com\/wp-content\/uploads\/2025\/06\/Captura-de-ecra-2025-06-30-165710.png","width":593,"height":521,"caption":"Paulo Nunes Henriques"},"image":{"@id":"https:\/\/nuneshenriques.com\/#\/schema\/logo\/image\/"}}]}},"_links":{"self":[{"href":"https:\/\/nuneshenriques.com\/index.php?rest_route=\/wp\/v2\/pages\/189","targetHints":{"allow":["GET"]}}],"collection":[{"href":"https:\/\/nuneshenriques.com\/index.php?rest_route=\/wp\/v2\/pages"}],"about":[{"href":"https:\/\/nuneshenriques.com\/index.php?rest_route=\/wp\/v2\/types\/page"}],"author":[{"embeddable":true,"href":"https:\/\/nuneshenriques.com\/index.php?rest_route=\/wp\/v2\/users\/1"}],"replies":[{"embeddable":true,"href":"https:\/\/nuneshenriques.com\/index.php?rest_route=%2Fwp%2Fv2%2Fcomments&post=189"}],"version-history":[{"count":35,"href":"https:\/\/nuneshenriques.com\/index.php?rest_route=\/wp\/v2\/pages\/189\/revisions"}],"predecessor-version":[{"id":528,"href":"https:\/\/nuneshenriques.com\/index.php?rest_route=\/wp\/v2\/pages\/189\/revisions\/528"}],"wp:attachment":[{"href":"https:\/\/nuneshenriques.com\/index.php?rest_route=%2Fwp%2Fv2%2Fmedia&parent=189"}],"curies":[{"name":"wp","href":"https:\/\/api.w.org\/{rel}","templated":true}]}}